igit of 71891400?
1
What is the tens digit of 119465185?
8
What is the hundreds digit of 2087376748?
7
What is the ten millions digit of 120338145?
2
What is the tens digit of 25910625?
2
What is the hundred thousands digit of 3659610372?
6
What is the units digit of 1714814456?
6
What is the thousands digit of 77631452?
1
What is the ten thousands digit of 69785722?
8
What is the tens digit of 1806936647?
4
What is the hundred millions digit of 367792787?
3
What is the hundred millions digit of 242379904?
2
What is the hundreds digit of 5617860365?
3
What is the ten millions digit of 217741080?
1
What is the hundred thousands digit of 88532248?
5
What is the hundred thousands digit of 4306933567?
9
What is the hundred thousands digit of 277277879?
2
What is the hundreds digit of 683943725?
7
What is the hundreds digit of 330670851?
8
What is the thousands digit of 110824179?
4
What is the millions digit of 250081165?
0
What is the units digit of 2282846024?
4
What is the millions digit of 4593196573?
3
What is the units digit of 52178974?
4
What is the tens digit of 11030648?
4
What is the thousands digit of 434552845?
2
What is the hundred thousands digit of 549432636?
4
What is the billions digit of 1392891023?
1
What is the billions digit of 1675157904?
1
What is the billions digit of 1633970311?
1
What is the units digit of 37995645?
5
What is the ten thousands digit of 3486091021?
9
What is the ten thousands digit of 22306540?
0
What is the hundred thousands digit of 1600072085?
0
What is the hundred thousands digit of 3860627267?
6
What is the thousands digit of 4752278475?
8
What is the ten thousands digit of 14413849?
1
What is the tens digit of 406045802?
0
What is the tens digit of 111329991?
9
What is the hundred thousands digit of 134901321?
9
What is the units digit of 101623837?
7
What is the units digit of 146718480?
0
What is the units digit of 32071734?
4
What is the tens digit of 112168882?
8
What is the thousands digit of 457595198?
5
What is the millions digit of 41076419?
1
What is the hundred thousands digit of 194808796?
8
What is the millions digit of 22194924?
2
What is the units digit of 212490964?
4
What is the hundred thousands digit of 695270970?
2
What is the ten thousands digit of 467467041?
6
What is the tens digit of 21841400?
0
What is the units digit of 59539352?
2
What is the hundreds digit of 184241661?
6
What is the ten thousands digit of 1734951697?
5
What is the hundred millions digit of 874462433?
8
What is the hundred millions digit of 3511739589?
5
What is the ten thousands digit of 28533109?
3
What is the units digit of 2557774329?
9
What is the units digit of 1750785708?
8
What is the hundred millions digit of 772680900?
7
What is the units digit of 186372066?
6
What is the thousands digit of 906635592?
5
What is the units digit of 555905798?
8
What is the millions digit of 70679648?
0
What is the ten millions digit of 2132839809?
3
What is the tens digit of 934633035?
3
What is the millions digit of 172888616?
2
What is the thousands digit of 3990216262?
6
What is the units digit of 2030703601?
1
What is the tens digit of 62015308?
0
What is the units digit of 71760479?
9
What is the tens digit of 219971063?
6
What is the ten thousands digit of 48624454?
2
What is the hundred thousands digit of 3277407634?
4
What is the tens digit of 3980433939?
3
What is the millions digit of 316762911?
6
What is the units digit of 495644040?
0
What is the hundred thousands digit of 67699194?
6
What is the ten millions digit of 265922401?
6
What is the tens digit of 622011616?
1
What is the ten thousands digit of 8766805095?
0
What is the hundred thousands digit of 3841560?
8
What is the units digit of 27769394?
4
What is the hundred thousands digit of 23583696?
5
What is the millions digit of 50124175?
0
What is the hundreds digit of 474208420?
4
What is the ten millions digit of 247978738?
4
What is the billions digit of 2822278524?
2
What is the units digit of 296152699?
9
What is the hundreds digit of 61289324?
3
What is the millions digit of 4835759626?
5
What is the units digit of 125329573?
3
What is the hundred thousands digit of 172700177?
7
What is the hundreds digit of 354852837?
8
What is the thousands digit of 294531295?
1
What is the hundred thousands digit of 485072091?
0
What is the thousands digit of 662866815?
6
What is the hundred millions digit of 222793132?
2
What is the thousands digit of 204564958?
4
What is the ten millions digit of 1283698131?
8
What is the units digit of 66327014?
4
What is the hundred millions digit of 974903800?
9
What is the ten thousands digit of 2178544188?
4
What is the hundred millions digit of 646156550?
6
What is the ten millions digit of 2479434413?
7
What is the ten millions digit of 39305825?
3
What is the hundred thousands digit of 3066156266?
1
What is the millions digit of 290550275?
0
What is the ten thousands digit of 1181324483?
2
What is the billions digit of 4758744059?
4
What is the hundred millions digit of 953025779?
9
What is the ten thousands digit of 7225052767?
5
What is the hundred millions digit of 4884715403?
8
What is the hundred thousands digit of 114577184?
5
What is the thousands digit of 1953134161?
4
What is the hundreds digit of 16343084?
0
What is the millions digit of 1530271298?
0
What is the hundred thousands digit of 1409451672?
4
What is the thousands digit of 19864933?
4
What is the hundred thousands digit of 4429489443?
4
What is the hundreds digit of 27341672?
6
What is the hundreds digit of 28263916?
9
What is the ten thousands digit of 1999497577?
9
What is the hundred millions digit of 1643142306?
6
What is the units digit of 48643340?
0
What is the hundred thousands digit of 118249146?
2
What is the units digit of 52456678?
8
What is the hundred millions digit of 519301646?
5
What is the units digit of 111072331?
1
What is the ten millions digit of 57367060?
5
What is the hundreds digit of 4214274914?
9
What is the hundreds digit of 2181300128?
1
What is the hundred thousands digit of 30369350?
3
What is the hundred millions digit of 902181177?
9
What is the ten thousands digit of 31764308?
6
What is the hundred millions digit of 167323291?
1
What is the hundred thousands digit of 439609093?
6
What is the thousands digit of 1991377085?
7
What is the hundred thousands digit of 20353889?
3
What is the units digit of 43537474?
4
What is the ten millions digit of 393529445?
9
What is the hundreds digit of 341405504?
5
What is the thousands digit of 999078984?
8
What is the units digit of 764957385?
5
What is the hundred thousands digit of 13362589?
3
What is the millions digit of 1657981705?
7
What is the hundred millions digit of 129071346?
1
What is the millions digit of 46313983?
6
What is the hundred millions digit of 194239282?
1
What is the hundred millions digit of 117618117?
1
What is the thousands digit of 393994735?
4
What is the units digit of 438366580?
0
What is the ten thousands digit of 365442787?
4
What is the hundreds digit of 21538841?
8
What is the millions digit of 577560213?
7
What is the hundreds digit of 31147799?
7
What is the hundred thousands digit of 260513431?
5
What is the ten thousands digit of 186966852?
6
What is the thousands digit of 1890331?
0
What is the ten thousands digit of 8159270?
5
What is the ten millions digit of 33094973?
3
What is the thousands digit of 26203523?
3
What is the millions digit of 215922705?
5
What is the units digit of 26500841?
1
What is the ten thousands digit of 174975007?
7
What is the millions digit of 201385549?
1
What is the tens digit of 582995408?
0
What is the ten millions digit of 46161435?
4
What is the hundreds digit of 5574859332?
3
What is the hundreds digit of 40983065?
0
What is the hundreds digit of 135809304?
3
What is the thousands digit of 2204079517?
9
What is the ten millions digit of 155728535?
5
What is the hundred thousands digit of 5604273812?
2
What is the units digit of 64006460?
0
What is the hundreds digit of 181983872?
8
What is the millions digit of 3820402550?
0
What is the thousands digit of 1131397912?
7
What is the tens digit of 4582013515?
1
What is the hundred millions digit of 1032499710?
0
What is the ten millions digit 